9
Let t be (7*1)/(5/60*3). Calculate the greatest common factor of t and 7.
7
Let z be 0 + (0 - -12 - 1). Suppose -z = -m + 4. Let k(h) = h - 2. Let q be k(7). Calculate the highest common factor of m and q.
5
Let a = 26 - -79. Let g be (-2 - -3) + (8 - 4). Suppose 4*q - 5*u - a = 2*q, 5*q = g*u + 270. What is the highest common factor of 11 and q?
11
Suppose 5 - 4 = v. What is the highest common divisor of 1 and v?
1
Let x(p) = -p**2 + 12*p + 4. Let h be x(7). Calculate the highest common factor of h and 13.
13
Let t(o) = -o**2 + 2*o + 7. Let v be t(-5). Let d = -7 - v. Suppose f - 26 = 4*u, 11 - 2 = -3*u. Calculate the highest common factor of f and d.
7
Let p(u) = -u**3 - 18*u**2 - 100 - 19*u + 0*u + 106. Let d be p(-17). Calculate the greatest common factor of 8 and d.
8
Let g(i) = -29*i + 3. Let j be g(-3). Let s be (j/(-8))/(2/(-8)). Suppose t + 12 = 27. Calculate the greatest common divisor of s and t.
15
Let d be 1/((-2)/(-2)) - (-112 - -18). Calculate the greatest common divisor of 19 and d.
19
Suppose 15*l = 11*l + 72. What is the highest common divisor of l and 6?
6
Suppose 0 = -5*w - 3*k + k + 264, -2*w + k = -111. Calculate the highest common divisor of 6 and w.
6
Let j = 21 + -9. Suppose 2*h = 5*l - 0*h - 477, -h - 1 = 0. Suppose 5*a = -5 + l. Calculate the highest common factor of a and j.
6
Suppose 8*d - 4*d - 8 = 0. Suppose -2*x - 5*v = -78, 0*x = 2*x - d*v - 92. Calculate the highest common divisor of x and 66.
22
Suppose 2*k + 6 = 4*j - 0, -5*j = -5*k. Let v be 21 + k + -4 + -2. What is the highest common divisor of 2 and v?
2
Suppose -12*y + 17*y = 400. Calculate the highest common divisor of 40 and y.
40
Let n(s) = -s**3 + 8*s**2 - 7*s + 4. Let a be n(5). Let h = -19 - -30. What is the highest common divisor of a and h?
11
Let m be 3*((2 - -7) + -2). Calculate the greatest common factor of m and 105.
21
Let m(o) = -o + 2. Let j be m(5). Let a be (1/j)/((-6)/108). What is the greatest common factor of 24 and a?
6
Suppose -4*b = 5*q - 10, 3*q - b + 1 = 7. Suppose 0 = -q*i - 2*m + 7*m + 89, -38 = -i - 4*m. What is the highest common divisor of i and 6?
6
Let q(f) = f**2 - 5*f + 2. Let b be q(5). Let n = -4 + 8. Suppose -7*o + n = -5*o. What is the greatest common divisor of o and b?
2
Suppose 10 = 5*c - 3*c. Let w be c - (-2 + 2 + 0). Suppose -2*h + 203 = 4*l - 421, w*h = 5*l - 750. What is the highest common factor of 22 and l?
22
Let m(l) = -l**3 + 6*l**2 - 6*l + 5. Let u be 4 + -1 + (-4 - -6). Let a be m(u). Suppose 3*w + a*w = 84. What is the highest common factor of w and 70?
14
Suppose 0 = k - 188 + 12. Calculate the highest common divisor of k and 16.
16
Let y(v) = -v - 3. Let o be y(6). Let j = -6 - o. Suppose -r - j = -11. Calculate the greatest common factor of 72 and r.
8
Let k(g) = g**3 + 18. Let y be k(0). Calculate the greatest common factor of y and 90.
18
Suppose 7*f = 8*f - 126. What is the greatest common factor of 14 and f?
14
Let m be 2/2*-1 - -3. Suppose 0*o - m*o = -10. What is the highest common divisor of 5 and o?
5
Let k = -3 - -6. Let v be 4 + (k + -2)*-3. Calculate the highest common divisor of 5 and v.
1
Suppose -2*l + 10 = 2. Let h(y) = 42*y**2 - y + 1. Let a be h(1). Suppose j = 4*u - a, -5*u + 0*j + 63 = l*j. What is the greatest common factor of 99 and u?
11
Let p = -50 - -29. Let s(l) = -l**2 + 14*l - 21. Let j be s(10). Let x = j - p. What is the highest common factor of 5 and x?
5
Let r(i) = -5*i**3 - 4*i**2 - 2. Let u be r(-2). Suppose 3*h = 4*h - 2. What is the greatest common factor of h and u?
2
Let j(g) = -g**3 - 8*g**2 - 7*g - 5. Let r be j(-7). Let m = r - -29. Calculate the highest common divisor of m and 3.
3
Let b = 23 + 12. Suppose 0 = 4*t - 0*t - 16, -4*t = -2*d - 2. What is the greatest common divisor of b and d?
7
Suppose -2*t = -3*u - 4*t + 15, -t = 5*u - 18. Suppose -k - 27 = -3*w - 0*k, -u*w - k = -33. Calculate the highest common factor of 70 and w.
10
Suppose -2*k = -h - 6, 3*h + 4 = 16. Let q be (-813)/12 - (-2)/(-8). Let o = q + 113. What is the highest common factor of o and k?
5
Let f(a) = 9*a - 14. Let o be f(6). Suppose -c - 2*y = -7*y - 16, -2 = c + y. Let w be -1 + ((-22)/(-2))/c. Calculate the greatest common divisor of w and o.
10
Suppose 0 = -3*u - u + 16. Suppose -u*f - 11 = -3*o - 2*f, -3*o - 3*f = -21. Calculate the highest common factor of 1 and o.
1
Let x be -1*(30/(-2) - 1). Suppose 0 = 5*p + 2*p - 560. What is the highest common factor of p and x?
16
Suppose 25 = 3*j - 47. What is the highest common divisor of 24 and j?
24
Suppose 46 = 8*r - 26. What is the greatest common divisor of 99 and r?
9
Let d(t) = 6*t**2 + 3*t - 3. Let i be d(-3). Let z(q) = 8*q**2 - 7*q + 5. Let s be z(4). What is the highest common divisor of s and i?
21
Suppose -3*b - 3 = 5*v - 49, -5*b - 3*v = -50. Suppose 4 = 4*p - 4. Suppose -13 = -y + 3*z, 4*z = -6 - p. What is the greatest common factor of b and y?
7
Suppose -s = -5*f - 47, -5*s + 5*f = 4*f - 355. What is the greatest common factor of s and 8?
8
Let a = 9 - -7. Let d = -100 - -140. Suppose 2*l - d = -3*l. What is the highest common divisor of l and a?
8
Let z(x) = -x**3 + 9*x**2 - 9*x + 6. Let p be z(6). Suppose 0 = -4*r + 8*r - 4*h - 68, 0 = 5*r - 4*h - 83. What is the greatest common factor of p and r?
15
Let n = 22 + -14. What is the greatest common divisor of n and 4?
4
Let a be (4*27)/(-4)*-1. Calculate the greatest common divisor of 81 and a.
27
Let z = -2 - -6. Suppose -9 = -2*a + w, -z*w + 7 - 19 = 0. Suppose -a*b + 0*b + 8 = -n, 4*b = 4*n. What is the greatest common factor of 2 and b?
2
Suppose -3*a - 6 = -4*f, f = 4*a - 1 - 4. Suppose -y - 38 = -f*y. What is the highest common divisor of y and 19?
19
Let x be 72/1*2/4. Let q be 1*-2*(-6 - 0). What is the greatest common factor of x and q?
12
Suppose 0 = n - 0*n - 15. Let z = n - 1. Let c be ((-21)/(-2))/(6/40). Calculate the highest common factor of c and z.
14
Suppose 22 + 3 = 5*s. Suppose -n - 8 = -s*n. Suppose -3*k + n*b = -58, 0*b - b = -1. Calculate the highest common factor of 30 and k.
10
Let w(l) = 3*l**2. Let t be w(-2). Calculate the greatest common divisor of t and 84.
12
Let v(t) = 2*t**2 - 2*t - 2. Suppose 2*f = -j + 2 - 4, -4*j = -4*f - 16. Let c be v(f). What is the greatest common divisor of c and 20?
10
Let d(m) = -m**3 + 2*m**2 + 2*m + 4. Let c be d(3). Suppose 17 = 4*x + 3*f, -x - 2*f + 0 + 3 = 0. Calculate the highest common divisor of c and x.
1
Suppose -j + 8 = 3*x - 5, -4*j - 12 = -4*x. Let a be -3*(512/(-12))/x. Calculate the highest common factor of a and 16.
16
Suppose 5*x = 371 + 419. Suppose 0 = 3*t - x - 115. Suppose -28 = -0*z - z - 3*j, -2 = z - 3*j. What is the greatest common divisor of t and z?
13
Let m = 27 + 17. What is the greatest common factor of m and 4?
4
Suppose -2*j = -o + 2, -5*o + 3*j + 3 = -7. Suppose t + o = -2*s + 16, 3*t - 58 = -2*s. Calculate the greatest common factor of t and 198.
22
Let a = 23 - 22. Let m = a - -49. Calculate the highest common factor of 20 and m.
10
Suppose 59 = y + 29. Calculate the greatest common factor of 60 and y.
30
Suppose 5*t + 2*n - 180 = 5*n, -n = 5. What is the greatest common factor of 33 and t?
33
Let t be (18/(-10))/(6/(-30)). Suppose -4*b + 15 = 3*u, -u + 1 + 14 = -2*b. Calculate the greatest common factor of u and t.
9
Let i(n) = n**2 - 12*n - 2. Let g be i(12). Let q be (-4 - g)/2 - -1. Let k be (0 - -13)*(1 + q). What is the highest common factor of 91 and k?
13
Let w(v) = v**3 + 5*v**2 - 7*v. Let j be w(-6). Suppose 0 = 3*f - j*f + 36. Let u = 147 - 87. Calculate the highest common factor of f and u.
12
Suppose -6*k + k = 3*b - 88, -4*b + 102 = -k. Calculate the highest common divisor of 2 and b.
2
Let p be 2*(0 + (-9)/(-6)). Suppose -8 = -p*a - 2. Suppose -14 = -l + a*s - 0*s, -3*l - 5*s + 53 = 0. What is the greatest common divisor of 2 and l?
2
Suppose -2*v = l - 91, 5*v - l - 3*l = 221. What is the greatest common factor of 18 and v?
9
Let n = 330 + -231. Let g be (0 + 1)*(-33)/(-3). What is the highest common factor of g and n?
11
Let a = 119 - 82. What is the greatest common divisor of a and 37?
37
Let g(s) = -4*s - 15. Let d be g(-6). What is the highest common factor of d and 9?
9
Suppose 4*k = 10 + 50. Let j(h) = 118*h**3 + h**2 + 2*h - 1. Let d be j(1). Calc